{"id":245,"date":"2019-10-10T09:13:21","date_gmt":"2019-10-10T09:13:21","guid":{"rendered":"https:\/\/elektrotechnik-haberl.at\/?page_id=245"},"modified":"2020-07-30T10:25:36","modified_gmt":"2020-07-30T10:25:36","slug":"impressum","status":"publish","type":"page","link":"https:\/\/elektrotechnik-haberl.at\/index.php\/impressum\/","title":{"rendered":"Impressum"},"content":{"rendered":"\t\t<div data-elementor-type=\"wp-page\" data-elementor-id=\"245\" class=\"elementor elementor-245\" data-elementor-post-type=\"page\">\n\t\t\t\t\t\t<section class=\"elementor-section elementor-top-section elementor-element elementor-element-056cd79 elementor-section-boxed elementor-section-height-default elementor-section-height-default\" data-id=\"056cd79\" data-element_type=\"section\">\n\t\t\t\t\t\t<div class=\"elementor-container elementor-column-gap-default\">\n\t\t\t\t\t<div class=\"elementor-column elementor-col-100 elementor-top-column elementor-element elementor-element-22b0a18\" data-id=\"22b0a18\" data-element_type=\"column\">\n\t\t\t<div class=\"elementor-widget-wrap elementor-element-populated\">\n\t\t\t\t\t\t<div class=\"elementor-element elementor-element-1652f40 elementor-widget elementor-widget-text-editor\" data-id=\"1652f40\" data-element_type=\"widget\" data-widget_type=\"text-editor.default\">\n\t\t\t\t<div class=\"elementor-widget-container\">\n\t\t\t\t\t\t\t\t\t<p><strong>F\u00fcr diese Website verantwortlicher Herausgeber:<\/strong><\/p><p>Haberl Elektrotechnik GmbH<br \/>Gesch\u00e4ftsf\u00fchrer Herr Thomas Haberl<br \/>Leoprechting 9, 4775 Taufkirchen an der Pram<br \/>Telefon: +43 7719 20136 | Mobil: +43 664 45 23 587<br \/>Email: <a class=\"cm_anchor\" href=\"mailto:info@elektrotechnik-haberl.at\">info@elektrotechnik-haberl.at<\/a><\/p><p>WKO: <a class=\"cm_anchor\" href=\"https:\/\/firmen.wko.at\/Web\/DetailsKontakt.aspx?FirmaID=551c4e05-1023-4551-a3c5-8ab80805580c&amp;StandortID=1111&amp;StandortName=Taufkirchen+an+der+Pram+%28Gemeinde%29&amp;Suchbegriff=elektrotechnik+haberl&amp;Page=1\" target=\"_blank\" rel=\"noreferrer noopener\">Information laut E-Commerce-Gesetz <\/a><\/p><p>Firmenbuchnummer:\u00a0 FN: 413943s<br \/><span id=\"ctl00_ContentPlaceHolder1_datenFelder_genericFieldsRepeater_ctl11_genericLabel_DescriptionLabel\">Firmengericht<\/span>: Landesgericht Ried im Innkreis<br \/>Bezirkshauptmannschaft: Sch\u00e4rding<br \/>Mitglied der: WKO O\u00d6<br \/>Berufssparte: Elektriker<br \/>Gewerbeordnung: <a class=\"cm_anchor\" href=\"http:\/\/www.ris.bka.gv.at\" target=\"_blank\" rel=\"noreferrer noopener\">www.ris.bka.gv.at<\/a><\/p><p><strong>Copyright\/Rechtliches:<\/strong><\/p><p>S\u00e4mtliche Inhalte der Website sowie Layout und Gestaltung sind urheberrechtlich gesch\u00fctzt. Die Vervielf\u00e4ltigung oder \u00dcbernahme von Bestandteilen der Website, insbesondere von Texten, Textteilen, Bildmaterial oder grafischen Darstellungen bedarf der vorherigen schriftlichen Zustimmung von der Firma Elektrotechnik Haberl GmbH. Es wird jedoch keine Haftung f\u00fcr Vollst\u00e4ndigkeit, Richtigkeit und Aktualit\u00e4t \u00fcbernommen. Gleiches gilt auch f\u00fcr Websites, auf die mittels Hyperlink verwiesen wird. Jegliche Verbindungsherstellung zu derartigen Websites erfolgt auf eigene Gefahr.<\/p><p><strong>Webdesign \/ Entwicklung:<\/strong><\/p><p>Design und Konzeption: <a class=\"cm_anchor\" href=\"http:\/\/www.brueckl.eu\" target=\"_blank\" rel=\"noreferrer noopener\">Firma Br\u00fcckl GmbH<\/a><\/p>\t\t\t\t\t\t\t\t<\/div>\n\t\t\t\t<\/div>\n\t\t\t\t\t<\/div>\n\t\t<\/div>\n\t\t\t\t\t<\/div>\n\t\t<\/section>\n\t\t\t\t<\/div>\n\t\t","protected":false},"excerpt":{"rendered":"<p>F\u00fcr diese Website verantwortlicher Herausgeber: Haberl Elektrotechnik GmbH Gesch\u00e4ftsf\u00fchrer Herr Thomas Haberl Leoprechting 9, 4775 Taufkirchen an der Pram Telefon: +43 7719 [&hellip;]<\/p>\n","protected":false},"author":2,"featured_media":719,"parent":0,"menu_order":0,"comment_status":"closed","ping_status":"closed","template":"page-templates\/page_fullwidth.php","meta":{"footnotes":""},"class_list":["post-245","page","type-page","status-publish","has-post-thumbnail","hentry"],"yoast_head":"<!-- This site is optimized with the Yoast SEO Premium plugin v19.0 (Yoast SEO v26.6) - https:\/\/yoast.com\/wordpress\/plugins\/seo\/ -->\n<title>Impressum - Haberl Elektrotechnik<\/title>\n<meta name=\"description\" content=\"Haberl Elektrotechnik GmbH | Leoprechting 9, 4775 Taufkirchen an der Pram | Telefon: +43 7719 20136 | Email: info@elektrotechnik-haberl.at\" \/>\n<meta name=\"robots\" content=\"index, follow, max-snippet:-1, max-image-preview:large, max-video-preview:-1\" \/>\n<link rel=\"canonical\" href=\"https:\/\/elektrotechnik-haberl.at\/index.php\/impressum\/\" \/>\n<meta property=\"og:locale\" content=\"de_DE\" \/>\n<meta property=\"og:type\" content=\"article\" \/>\n<meta property=\"og:title\" content=\"Impressum\" \/>\n<meta property=\"og:description\" content=\"Haberl Elektrotechnik GmbH | Leoprechting 9, 4775 Taufkirchen an der Pram | Telefon: +43 7719 20136 | Email: info@elektrotechnik-haberl.at\" \/>\n<meta property=\"og:url\" content=\"https:\/\/elektrotechnik-haberl.at\/index.php\/impressum\/\" \/>\n<meta property=\"og:site_name\" content=\"Haberl Elektrotechnik\" \/>\n<meta property=\"article:modified_time\" content=\"2020-07-30T10:25:36+00:00\" \/>\n<meta property=\"og:image\" content=\"https:\/\/elektrotechnik-haberl.at\/wp-content\/uploads\/2020\/07\/Elektrotechnik-Haberl_Logo-Button.png\" \/>\n\t<meta property=\"og:image:width\" content=\"276\" \/>\n\t<meta property=\"og:image:height\" content=\"257\" \/>\n\t<meta property=\"og:image:type\" content=\"image\/png\" \/>\n<meta name=\"twitter:card\" content=\"summary_large_image\" \/>\n<meta name=\"twitter:label1\" content=\"Gesch\u00e4tzte Lesezeit\" \/>\n\t<meta name=\"twitter:data1\" content=\"1\u00a0Minute\" \/>\n<script type=\"application\/ld+json\" class=\"yoast-schema-graph\">{\"@context\":\"https:\/\/schema.org\",\"@graph\":[{\"@type\":\"WebPage\",\"@id\":\"https:\/\/elektrotechnik-haberl.at\/index.php\/impressum\/\",\"url\":\"https:\/\/elektrotechnik-haberl.at\/index.php\/impressum\/\",\"name\":\"Impressum - Haberl Elektrotechnik\",\"isPartOf\":{\"@id\":\"https:\/\/elektrotechnik-haberl.at\/#website\"},\"primaryImageOfPage\":{\"@id\":\"https:\/\/elektrotechnik-haberl.at\/index.php\/impressum\/#primaryimage\"},\"image\":{\"@id\":\"https:\/\/elektrotechnik-haberl.at\/index.php\/impressum\/#primaryimage\"},\"thumbnailUrl\":\"https:\/\/elektrotechnik-haberl.at\/wp-content\/uploads\/2020\/07\/Elektrotechnik-Haberl_Logo-Button.png\",\"datePublished\":\"2019-10-10T09:13:21+00:00\",\"dateModified\":\"2020-07-30T10:25:36+00:00\",\"description\":\"Haberl Elektrotechnik GmbH | Leoprechting 9, 4775 Taufkirchen an der Pram | Telefon: +43 7719 20136 | Email: info@elektrotechnik-haberl.at\",\"breadcrumb\":{\"@id\":\"https:\/\/elektrotechnik-haberl.at\/index.php\/impressum\/#breadcrumb\"},\"inLanguage\":\"de\",\"potentialAction\":[{\"@type\":\"ReadAction\",\"target\":[\"https:\/\/elektrotechnik-haberl.at\/index.php\/impressum\/\"]}]},{\"@type\":\"ImageObject\",\"inLanguage\":\"de\",\"@id\":\"https:\/\/elektrotechnik-haberl.at\/index.php\/impressum\/#primaryimage\",\"url\":\"https:\/\/elektrotechnik-haberl.at\/wp-content\/uploads\/2020\/07\/Elektrotechnik-Haberl_Logo-Button.png\",\"contentUrl\":\"https:\/\/elektrotechnik-haberl.at\/wp-content\/uploads\/2020\/07\/Elektrotechnik-Haberl_Logo-Button.png\",\"width\":276,\"height\":257},{\"@type\":\"BreadcrumbList\",\"@id\":\"https:\/\/elektrotechnik-haberl.at\/index.php\/impressum\/#breadcrumb\",\"itemListElement\":[{\"@type\":\"ListItem\",\"position\":1,\"name\":\"Home\",\"item\":\"https:\/\/elektrotechnik-haberl.at\/\"},{\"@type\":\"ListItem\",\"position\":2,\"name\":\"Impressum\"}]},{\"@type\":\"WebSite\",\"@id\":\"https:\/\/elektrotechnik-haberl.at\/#website\",\"url\":\"https:\/\/elektrotechnik-haberl.at\/\",\"name\":\"Haberl Elektrotechnik\",\"description\":\"Ihr Elektriker im Bezirk Sch\u00e4rding\",\"potentialAction\":[{\"@type\":\"SearchAction\",\"target\":{\"@type\":\"EntryPoint\",\"urlTemplate\":\"https:\/\/elektrotechnik-haberl.at\/?s={search_term_string}\"},\"query-input\":{\"@type\":\"PropertyValueSpecification\",\"valueRequired\":true,\"valueName\":\"search_term_string\"}}],\"inLanguage\":\"de\"}]}<\/script>\n<!-- \/ Yoast SEO Premium plugin. -->","yoast_head_json":{"title":"Impressum - Haberl Elektrotechnik","description":"Haberl Elektrotechnik GmbH | Leoprechting 9, 4775 Taufkirchen an der Pram | Telefon: +43 7719 20136 | Email: info@elektrotechnik-haberl.at","robots":{"index":"index","follow":"follow","max-snippet":"max-snippet:-1","max-image-preview":"max-image-preview:large","max-video-preview":"max-video-preview:-1"},"canonical":"https:\/\/elektrotechnik-haberl.at\/index.php\/impressum\/","og_locale":"de_DE","og_type":"article","og_title":"Impressum","og_description":"Haberl Elektrotechnik GmbH | Leoprechting 9, 4775 Taufkirchen an der Pram | Telefon: +43 7719 20136 | Email: info@elektrotechnik-haberl.at","og_url":"https:\/\/elektrotechnik-haberl.at\/index.php\/impressum\/","og_site_name":"Haberl Elektrotechnik","article_modified_time":"2020-07-30T10:25:36+00:00","og_image":[{"width":276,"height":257,"url":"https:\/\/elektrotechnik-haberl.at\/wp-content\/uploads\/2020\/07\/Elektrotechnik-Haberl_Logo-Button.png","type":"image\/png"}],"twitter_card":"summary_large_image","twitter_misc":{"Gesch\u00e4tzte Lesezeit":"1\u00a0Minute"},"schema":{"@context":"https:\/\/schema.org","@graph":[{"@type":"WebPage","@id":"https:\/\/elektrotechnik-haberl.at\/index.php\/impressum\/","url":"https:\/\/elektrotechnik-haberl.at\/index.php\/impressum\/","name":"Impressum - Haberl Elektrotechnik","isPartOf":{"@id":"https:\/\/elektrotechnik-haberl.at\/#website"},"primaryImageOfPage":{"@id":"https:\/\/elektrotechnik-haberl.at\/index.php\/impressum\/#primaryimage"},"image":{"@id":"https:\/\/elektrotechnik-haberl.at\/index.php\/impressum\/#primaryimage"},"thumbnailUrl":"https:\/\/elektrotechnik-haberl.at\/wp-content\/uploads\/2020\/07\/Elektrotechnik-Haberl_Logo-Button.png","datePublished":"2019-10-10T09:13:21+00:00","dateModified":"2020-07-30T10:25:36+00:00","description":"Haberl Elektrotechnik GmbH | Leoprechting 9, 4775 Taufkirchen an der Pram | Telefon: +43 7719 20136 | Email: info@elektrotechnik-haberl.at","breadcrumb":{"@id":"https:\/\/elektrotechnik-haberl.at\/index.php\/impressum\/#breadcrumb"},"inLanguage":"de","potentialAction":[{"@type":"ReadAction","target":["https:\/\/elektrotechnik-haberl.at\/index.php\/impressum\/"]}]},{"@type":"ImageObject","inLanguage":"de","@id":"https:\/\/elektrotechnik-haberl.at\/index.php\/impressum\/#primaryimage","url":"https:\/\/elektrotechnik-haberl.at\/wp-content\/uploads\/2020\/07\/Elektrotechnik-Haberl_Logo-Button.png","contentUrl":"https:\/\/elektrotechnik-haberl.at\/wp-content\/uploads\/2020\/07\/Elektrotechnik-Haberl_Logo-Button.png","width":276,"height":257},{"@type":"BreadcrumbList","@id":"https:\/\/elektrotechnik-haberl.at\/index.php\/impressum\/#breadcrumb","itemListElement":[{"@type":"ListItem","position":1,"name":"Home","item":"https:\/\/elektrotechnik-haberl.at\/"},{"@type":"ListItem","position":2,"name":"Impressum"}]},{"@type":"WebSite","@id":"https:\/\/elektrotechnik-haberl.at\/#website","url":"https:\/\/elektrotechnik-haberl.at\/","name":"Haberl Elektrotechnik","description":"Ihr Elektriker im Bezirk Sch\u00e4rding","potentialAction":[{"@type":"SearchAction","target":{"@type":"EntryPoint","urlTemplate":"https:\/\/elektrotechnik-haberl.at\/?s={search_term_string}"},"query-input":{"@type":"PropertyValueSpecification","valueRequired":true,"valueName":"search_term_string"}}],"inLanguage":"de"}]}},"_links":{"self":[{"href":"https:\/\/elektrotechnik-haberl.at\/index.php\/wp-json\/wp\/v2\/pages\/245","targetHints":{"allow":["GET"]}}],"collection":[{"href":"https:\/\/elektrotechnik-haberl.at\/index.php\/wp-json\/wp\/v2\/pages"}],"about":[{"href":"https:\/\/elektrotechnik-haberl.at\/index.php\/wp-json\/wp\/v2\/types\/page"}],"author":[{"embeddable":true,"href":"https:\/\/elektrotechnik-haberl.at\/index.php\/wp-json\/wp\/v2\/users\/2"}],"replies":[{"embeddable":true,"href":"https:\/\/elektrotechnik-haberl.at\/index.php\/wp-json\/wp\/v2\/comments?post=245"}],"version-history":[{"count":8,"href":"https:\/\/elektrotechnik-haberl.at\/index.php\/wp-json\/wp\/v2\/pages\/245\/revisions"}],"predecessor-version":[{"id":717,"href":"https:\/\/elektrotechnik-haberl.at\/index.php\/wp-json\/wp\/v2\/pages\/245\/revisions\/717"}],"wp:featuredmedia":[{"embeddable":true,"href":"https:\/\/elektrotechnik-haberl.at\/index.php\/wp-json\/wp\/v2\/media\/719"}],"wp:attachment":[{"href":"https:\/\/elektrotechnik-haberl.at\/index.php\/wp-json\/wp\/v2\/media?parent=245"}],"curies":[{"name":"wp","href":"https:\/\/api.w.org\/{rel}","templated":true}]}}